{"id":19622,"date":"2023-11-30T22:28:54","date_gmt":"2023-11-30T19:28:54","guid":{"rendered":"https:\/\/ronicy.net\/?post_type=product&#038;p=19622"},"modified":"2023-11-30T22:44:04","modified_gmt":"2023-11-30T19:44:04","slug":"soft-touch-plastik-sise-st00002-2","status":"publish","type":"product","link":"https:\/\/ronicy.net\/?product=soft-touch-plastik-sise-st00002-2","title":{"rendered":"PE\/ Soft Touch Plastik \u015ei\u015fe \u2013 ST00003"},"content":{"rendered":"<p><strong>Kapasite :<\/strong> 300ml<\/p>\n<p><strong>\u00c7ap \/ \u00d6l\u00e7\u00fc :<\/strong>\u00a0\u03c624\/410<\/p>\n<p><strong>Hammadde :<\/strong> PE\/ Soft Touch<\/p>\n","protected":false},"excerpt":{"rendered":"<p><strong>Kapasite :<\/strong> 300ml<\/p>\n<p><strong>\u00c7ap \/ \u00d6l\u00e7\u00fc :<\/strong>\u00a0\u03c624\/410<\/p>\n<p><strong>Hammadde :<\/strong> PE<\/p>\n","protected":false},"featured_media":19626,"comment_status":"open","ping_status":"closed","template":"","meta":[],"product_brand":[],"product_cat":[96,87],"product_tag":[],"class_list":{"0":"post-19622","1":"product","2":"type-product","3":"status-publish","4":"has-post-thumbnail","6":"product_cat-plasticbottle","7":"product_cat-softtouch","9":"first","10":"instock","11":"shipping-taxable","12":"product-type-simple","13":"add-to-wishlist-after_add_to_cart"},"yoast_head":"<!-- This site is optimized with the Yoast SEO plugin v27.4 - https:\/\/yoast.com\/product\/yoast-seo-wordpress\/ -->\n<title>PE\/ Soft Touch Plastik \u015ei\u015fe \u2013 ST00003 - Ronicy<\/title>\n<meta name=\"robots\" content=\"index, follow, max-snippet:-1, max-image-preview:large, max-video-preview:-1\" \/>\n<link rel=\"canonical\" href=\"https:\/\/ronicy.net\/?product=soft-touch-plastik-sise-st00002-2\" \/>\n<meta property=\"og:locale\" content=\"tr_TR\" \/>\n<meta property=\"og:type\" content=\"article\" \/>\n<meta property=\"og:title\" content=\"PE\/ Soft Touch Plastik \u015ei\u015fe \u2013 ST00003 - Ronicy\" \/>\n<meta property=\"og:description\" content=\"Kapasite : 300ml  \u00c7ap \/ \u00d6l\u00e7\u00fc :\u00a0\u03c624\/410  Hammadde : PE\" \/>\n<meta property=\"og:url\" content=\"https:\/\/ronicy.net\/?product=soft-touch-plastik-sise-st00002-2\" \/>\n<meta property=\"og:site_name\" content=\"Ronicy\" \/>\n<meta property=\"article:modified_time\" content=\"2023-11-30T19:44:04+00:00\" \/>\n<meta property=\"og:image\" content=\"https:\/\/ronicy.net\/wp-content\/uploads\/2023\/11\/plastik-sise-1.jpg\" \/>\n\t<meta property=\"og:image:width\" content=\"600\" \/>\n\t<meta property=\"og:image:height\" content=\"600\" \/>\n\t<meta property=\"og:image:type\" content=\"image\/jpeg\" \/>\n<meta name=\"twitter:card\" content=\"summary_large_image\" \/>\n<script type=\"application\/ld+json\" class=\"yoast-schema-graph\">{\"@context\":\"https:\\\/\\\/schema.org\",\"@graph\":[{\"@type\":\"WebPage\",\"@id\":\"https:\\\/\\\/ronicy.net\\\/?product=soft-touch-plastik-sise-st00002-2\",\"url\":\"https:\\\/\\\/ronicy.net\\\/?product=soft-touch-plastik-sise-st00002-2\",\"name\":\"PE\\\/ Soft Touch Plastik \u015ei\u015fe \u2013 ST00003 - Ronicy\",\"isPartOf\":{\"@id\":\"https:\\\/\\\/ronicy.net\\\/#website\"},\"primaryImageOfPage\":{\"@id\":\"https:\\\/\\\/ronicy.net\\\/?product=soft-touch-plastik-sise-st00002-2#primaryimage\"},\"image\":{\"@id\":\"https:\\\/\\\/ronicy.net\\\/?product=soft-touch-plastik-sise-st00002-2#primaryimage\"},\"thumbnailUrl\":\"https:\\\/\\\/ronicy.net\\\/wp-content\\\/uploads\\\/2023\\\/11\\\/plastik-sise-1.jpg\",\"datePublished\":\"2023-11-30T19:28:54+00:00\",\"dateModified\":\"2023-11-30T19:44:04+00:00\",\"breadcrumb\":{\"@id\":\"https:\\\/\\\/ronicy.net\\\/?product=soft-touch-plastik-sise-st00002-2#breadcrumb\"},\"inLanguage\":\"tr\",\"potentialAction\":[{\"@type\":\"ReadAction\",\"target\":[\"https:\\\/\\\/ronicy.net\\\/?product=soft-touch-plastik-sise-st00002-2\"]}]},{\"@type\":\"ImageObject\",\"inLanguage\":\"tr\",\"@id\":\"https:\\\/\\\/ronicy.net\\\/?product=soft-touch-plastik-sise-st00002-2#primaryimage\",\"url\":\"https:\\\/\\\/ronicy.net\\\/wp-content\\\/uploads\\\/2023\\\/11\\\/plastik-sise-1.jpg\",\"contentUrl\":\"https:\\\/\\\/ronicy.net\\\/wp-content\\\/uploads\\\/2023\\\/11\\\/plastik-sise-1.jpg\",\"width\":600,\"height\":600},{\"@type\":\"BreadcrumbList\",\"@id\":\"https:\\\/\\\/ronicy.net\\\/?product=soft-touch-plastik-sise-st00002-2#breadcrumb\",\"itemListElement\":[{\"@type\":\"ListItem\",\"position\":1,\"name\":\"Anasayfa\",\"item\":\"https:\\\/\\\/ronicy.net\\\/\"},{\"@type\":\"ListItem\",\"position\":2,\"name\":\"T\u00fcm \u00dcr\u00fcnler\",\"item\":\"https:\\\/\\\/ronicy.net\\\/?page_id=51\"},{\"@type\":\"ListItem\",\"position\":3,\"name\":\"PE\\\/ Soft Touch Plastik \u015ei\u015fe \u2013 ST00003\"}]},{\"@type\":\"WebSite\",\"@id\":\"https:\\\/\\\/ronicy.net\\\/#website\",\"url\":\"https:\\\/\\\/ronicy.net\\\/\",\"name\":\"Kozmetik Ambalaj \u00c7\u00f6z\u00fcmleri | Ronicy Premium Pack\",\"description\":\"Premium Segment Ambalaj \u00c7\u00f6z\u00fcmleri\",\"publisher\":{\"@id\":\"https:\\\/\\\/ronicy.net\\\/#organization\"},\"potentialAction\":[{\"@type\":\"SearchAction\",\"target\":{\"@type\":\"EntryPoint\",\"urlTemplate\":\"https:\\\/\\\/ronicy.net\\\/?s={search_term_string}\"},\"query-input\":{\"@type\":\"PropertyValueSpecification\",\"valueRequired\":true,\"valueName\":\"search_term_string\"}}],\"inLanguage\":\"tr\"},{\"@type\":\"Organization\",\"@id\":\"https:\\\/\\\/ronicy.net\\\/#organization\",\"name\":\"Ronicy Premium Pack\",\"url\":\"https:\\\/\\\/ronicy.net\\\/\",\"logo\":{\"@type\":\"ImageObject\",\"inLanguage\":\"tr\",\"@id\":\"https:\\\/\\\/ronicy.net\\\/#\\\/schema\\\/logo\\\/image\\\/\",\"url\":\"https:\\\/\\\/ronicy.net\\\/wp-content\\\/uploads\\\/2025\\\/10\\\/Ronicy-Logoo.jpg\",\"contentUrl\":\"https:\\\/\\\/ronicy.net\\\/wp-content\\\/uploads\\\/2025\\\/10\\\/Ronicy-Logoo.jpg\",\"width\":1000,\"height\":400,\"caption\":\"Ronicy Premium Pack\"},\"image\":{\"@id\":\"https:\\\/\\\/ronicy.net\\\/#\\\/schema\\\/logo\\\/image\\\/\"},\"sameAs\":[\"https:\\\/\\\/www.instagram.com\\\/ronicy_pack\\\/\"]}]}<\/script>\n<!-- \/ Yoast SEO plugin. -->","yoast_head_json":{"title":"PE\/ Soft Touch Plastik \u015ei\u015fe \u2013 ST00003 - Ronicy","robots":{"index":"index","follow":"follow","max-snippet":"max-snippet:-1","max-image-preview":"max-image-preview:large","max-video-preview":"max-video-preview:-1"},"canonical":"https:\/\/ronicy.net\/?product=soft-touch-plastik-sise-st00002-2","og_locale":"tr_TR","og_type":"article","og_title":"PE\/ Soft Touch Plastik \u015ei\u015fe \u2013 ST00003 - Ronicy","og_description":"Kapasite : 300ml  \u00c7ap \/ \u00d6l\u00e7\u00fc :\u00a0\u03c624\/410  Hammadde : PE","og_url":"https:\/\/ronicy.net\/?product=soft-touch-plastik-sise-st00002-2","og_site_name":"Ronicy","article_modified_time":"2023-11-30T19:44:04+00:00","og_image":[{"width":600,"height":600,"url":"https:\/\/ronicy.net\/wp-content\/uploads\/2023\/11\/plastik-sise-1.jpg","type":"image\/jpeg"}],"twitter_card":"summary_large_image","schema":{"@context":"https:\/\/schema.org","@graph":[{"@type":"WebPage","@id":"https:\/\/ronicy.net\/?product=soft-touch-plastik-sise-st00002-2","url":"https:\/\/ronicy.net\/?product=soft-touch-plastik-sise-st00002-2","name":"PE\/ Soft Touch Plastik \u015ei\u015fe \u2013 ST00003 - Ronicy","isPartOf":{"@id":"https:\/\/ronicy.net\/#website"},"primaryImageOfPage":{"@id":"https:\/\/ronicy.net\/?product=soft-touch-plastik-sise-st00002-2#primaryimage"},"image":{"@id":"https:\/\/ronicy.net\/?product=soft-touch-plastik-sise-st00002-2#primaryimage"},"thumbnailUrl":"https:\/\/ronicy.net\/wp-content\/uploads\/2023\/11\/plastik-sise-1.jpg","datePublished":"2023-11-30T19:28:54+00:00","dateModified":"2023-11-30T19:44:04+00:00","breadcrumb":{"@id":"https:\/\/ronicy.net\/?product=soft-touch-plastik-sise-st00002-2#breadcrumb"},"inLanguage":"tr","potentialAction":[{"@type":"ReadAction","target":["https:\/\/ronicy.net\/?product=soft-touch-plastik-sise-st00002-2"]}]},{"@type":"ImageObject","inLanguage":"tr","@id":"https:\/\/ronicy.net\/?product=soft-touch-plastik-sise-st00002-2#primaryimage","url":"https:\/\/ronicy.net\/wp-content\/uploads\/2023\/11\/plastik-sise-1.jpg","contentUrl":"https:\/\/ronicy.net\/wp-content\/uploads\/2023\/11\/plastik-sise-1.jpg","width":600,"height":600},{"@type":"BreadcrumbList","@id":"https:\/\/ronicy.net\/?product=soft-touch-plastik-sise-st00002-2#breadcrumb","itemListElement":[{"@type":"ListItem","position":1,"name":"Anasayfa","item":"https:\/\/ronicy.net\/"},{"@type":"ListItem","position":2,"name":"T\u00fcm \u00dcr\u00fcnler","item":"https:\/\/ronicy.net\/?page_id=51"},{"@type":"ListItem","position":3,"name":"PE\/ Soft Touch Plastik \u015ei\u015fe \u2013 ST00003"}]},{"@type":"WebSite","@id":"https:\/\/ronicy.net\/#website","url":"https:\/\/ronicy.net\/","name":"Kozmetik Ambalaj \u00c7\u00f6z\u00fcmleri | Ronicy Premium Pack","description":"Premium Segment Ambalaj \u00c7\u00f6z\u00fcmleri","publisher":{"@id":"https:\/\/ronicy.net\/#organization"},"potentialAction":[{"@type":"SearchAction","target":{"@type":"EntryPoint","urlTemplate":"https:\/\/ronicy.net\/?s={search_term_string}"},"query-input":{"@type":"PropertyValueSpecification","valueRequired":true,"valueName":"search_term_string"}}],"inLanguage":"tr"},{"@type":"Organization","@id":"https:\/\/ronicy.net\/#organization","name":"Ronicy Premium Pack","url":"https:\/\/ronicy.net\/","logo":{"@type":"ImageObject","inLanguage":"tr","@id":"https:\/\/ronicy.net\/#\/schema\/logo\/image\/","url":"https:\/\/ronicy.net\/wp-content\/uploads\/2025\/10\/Ronicy-Logoo.jpg","contentUrl":"https:\/\/ronicy.net\/wp-content\/uploads\/2025\/10\/Ronicy-Logoo.jpg","width":1000,"height":400,"caption":"Ronicy Premium Pack"},"image":{"@id":"https:\/\/ronicy.net\/#\/schema\/logo\/image\/"},"sameAs":["https:\/\/www.instagram.com\/ronicy_pack\/"]}]}},"_links":{"self":[{"href":"https:\/\/ronicy.net\/index.php?rest_route=\/wp\/v2\/product\/19622","targetHints":{"allow":["GET"]}}],"collection":[{"href":"https:\/\/ronicy.net\/index.php?rest_route=\/wp\/v2\/product"}],"about":[{"href":"https:\/\/ronicy.net\/index.php?rest_route=\/wp\/v2\/types\/product"}],"replies":[{"embeddable":true,"href":"https:\/\/ronicy.net\/index.php?rest_route=%2Fwp%2Fv2%2Fcomments&post=19622"}],"wp:featuredmedia":[{"embeddable":true,"href":"https:\/\/ronicy.net\/index.php?rest_route=\/wp\/v2\/media\/19626"}],"wp:attachment":[{"href":"https:\/\/ronicy.net\/index.php?rest_route=%2Fwp%2Fv2%2Fmedia&parent=19622"}],"wp:term":[{"taxonomy":"product_brand","embeddable":true,"href":"https:\/\/ronicy.net\/index.php?rest_route=%2Fwp%2Fv2%2Fproduct_brand&post=19622"},{"taxonomy":"product_cat","embeddable":true,"href":"https:\/\/ronicy.net\/index.php?rest_route=%2Fwp%2Fv2%2Fproduct_cat&post=19622"},{"taxonomy":"product_tag","embeddable":true,"href":"https:\/\/ronicy.net\/index.php?rest_route=%2Fwp%2Fv2%2Fproduct_tag&post=19622"}],"curies":[{"name":"wp","href":"https:\/\/api.w.org\/{rel}","templated":true}]}}